o base 11.
210412a
What is 1245551 (base 9) in base 8?
2457707
Convert 646334 (base 11) to base 16.
fc428
What is -463cb1 (base 15) in base 10?
-3354241
Convert 2313111322 (base 4) to base 12.
30270a
What is 88962 (base 10) in base 4?
111232002
What is -499198 (base 10) in base 16?
-79dfe
6621650 (base 8) to base 11
100531a
Convert -1101620 (base 10) to base 6.
-35340032
2d695 (base 14) to base 3
12210010020
-1efb4 (base 16) to base 9
-213060
Convert 9050b4 (base 14) to base 4.
102201020112
What is 28177 (base 16) in base 12?
7b047
-ba1016 (base 12) to base 4
-23033103102
What is 1150140 (base 9) in base 10?
623412
-111100201010010 (base 3) to base 2
-11011000101010110100111
3331320 (base 5) to base 8
161737
What is -2032222233 (base 4) in base 9?
-1080536
434020202 (base 5) to base 14
366137
What is 158960a (base 12) in base 6?
234324014
205350 (base 8) to base 7
403131
What is 5ca6f9 (base 16) in base 12?
2049b09
-62382 (base 11) to base 12
-44781
What is 101102122111001 (base 3) in base 16?
5496f4
30440010 (base 5) to base 10
249380
What is 120222012212 (base 3) in base 2?
1001100101111110101
What is -13c6a (base 13) in base 10?
-37268
413274 (base 8) to base 9
227702
Convert 381175 (base 10) to base 13.
104662
What is -40d27 (base 14) in base 4?
-212021113
2212011122 (base 3) to base 11
392a4
What is 255754 (base 9) in base 16?
25e1c
3230425 (base 7) to base 14
a3815
Convert 7a8aa (base 12) to base 13.
59695
What is -2222959 (base 10) in base 12?
-8b2527
What is -412033043 (base 5) in base 11?
-a438a3
Convert -df916 (base 16) to base 7.
-10532531
Convert 1c8b4 (base 16) to base 14.
30872
123323113 (base 4) to base 16
1bed7
Convert dfdc (base 16) to base 14.
16c56
What is 343400 (base 5) in base 6?
133102
Convert 67e2c4 (base 16) to base 12.
2343b70
What is 101210120010 (base 3) in base 6?
4320003
What is -2b4ca (base 16) in base 10?
-177354
What is 82205 (base 9) in base 14?
15a13
What is 1344334 (base 5) in base 6?
334022
Convert -202012201122 (base 3) to base 14.
-a4dab
-113702 (base 9) to base 4
-100230032
What is -7458178 (base 9) in base 16?
-3cf5c0
Convert a43195 (base 11) to base 14.
317b2c
Convert -1266113 (base 14) to base 9.
-17582132
What is 154726 (base 8) in base 13?
1c4c9
Convert -449758 (base 10) to base 9.
-754851
What is -122011220201 (base 3) in base 5?
-41310234
-a2063 (base 13) to base 12
-11ba59
Convert a57c (base 15) to base 2.
1000100010110000
Convert -1101011001010110011 (base 2) to base 6.
-13224123
-2410604 (base 8) to base 7
-5415513
What is 861b (base 14) in base 3?
1011202112
Convert e8c77 (base 15) to base 16.
b4502
1022200230 (base 4) to base 7
2410533
What is 378a57 (base 12) in base 4?
3131123203
Convert -3b34c1 (base 16) to base 13.
-a5b146
What is 26184 (base 14) in base 13?
337b8
-1260312 (base 7) to base 5
-20301300
What is 120132132 (base 4) in base 11?
69360
What is -200212221112200 (base 3) in base 14?
-1493c7a
Convert 3320212113 (base 4) to base 8.
3704627
Convert -2fea8c (base 16) to base 15.
-420691
Convert -10111011000010010 (base 2) to base 16.
-17612
Convert -466351 (base 9) to base 14.
-741a1
Convert 11110021110120 (base 3) to base 14.
458a82
What is -24225 (base 10) in base 12?
-12029
What is 1423431 (base 5) in base 6?
350134
Convert 211762 (base 9) to base 15.
2750b
Convert 10011011100000011 (base 2) to base 8.
233403
1942d4 (base 15) to base 5
303313044
-4403 (base 9) to base 13
-1626
What is 770797 (base 11) in base 12?
4b4325
-10001110110100001011110 (base 2) to base 14
-89b658
Convert 45154016 (base 8) to base 14.
141cc7c
Convert -27042267 (base 8) to base 16.
-5c44b7
What is 230323112230 (base 4) in base 10?
11777452
What is 120221101112 (base 3) in base 12?
1316a2
What is 1bbc4 (base 15) in base 12?
443a1
What is -120d7d (base 16) in base 4?
-10200311331
Convert 18847 (base 14) to base 11.
42643
What is 1102111000 (base 4) in base 9?
563514
Convert a28522 (base 12) to base 11.
1488687
4b078 (base 12) to base 7
603335
-211423000 (base 5) to base 8
-3310445
Convert -467232 (base 10) to base 7.
-3654123
Convert 11202000212211 (base 3) to base 9.
4660784
What is 23074 (base 8) in base 10?
9788
111010010011110110111 (base 2) to base 14
37a475
What is -313d7a (base 16) in base 10?
-3227002
Convert -223155 (base 10) to base 5.
-24120110
What is -3277422 (base 9) in base 2?
-110101110100111010011
1493cb (base 13) to base 10
505984
What is -1093647 (base 10) in base 6?
-35235103
-32222102 (base 5) to base 13
-9759c
141201332 (base 6) to base 4
22322231120
What is 12002202110 (base 3) in base 15?
1eb50
Convert -4440bb (base 16) to base 9.
-8366741
-2605a (base 14) to base 12
-46054
What is 2022102012011 (base 3) in base 2?
100101011111011011000
Convert 10122200202 (base 3) to base 10.
71948
-13026804 (base 9) to base 11
-3678a97
What is -111010010101000 (base 2) in base 4?
-13102220
96929a (base 15) to base 11
405727a
465152 (base 9) to base 13
9a1b4
What is 3761672 (base 8) in base 15?
158828
-10132144 (base 5) to base 14
-2258c
Convert b1ecd (base 15) to base 10.
563593
Convert 226b5 (base 13) to base 2.
1111010011010110
-5396e2 (base 15) to base 4
-33023312033
Convert 88a25 (base 11) to base 14.
35033
-1146004 (base 8) to base 16
-4cc04
Convert 213312312310 (base 4) to base 16.
9f6db4
-1444754 (base 8) to base 3
-202221100110
What is -21322231 (base 8) in base 10?
-4564121
What is 2f02f5 (base 16) in base 14?
5a2b1b
Convert -453514 (base 6) to base 2.
-1001011000010110
320148a (base 11) to base 10
5638698
-3a139 (base 15) to base 8
-553060
80691 (base 11) to base 9
188720
202143150 (base 6) to base 5
1341404333
-1f2f5c (base 16) to base 12
-826878
-154152255 (base 6) to base 11
-1940939
Convert -276033 (base 8) to base 16.
-17c1b
-2351b (base 14) to base 13
-30239
Convert -101010213 (base 4) to base 9.
-115826
Convert 17996 (base 11) to base 9.
37446
Convert 23123300231 (base 4) to base 10.
2997293
What is -102000202021 (base 3) in base 10?
-217060
-3506270 (base 10) to base 6
-203052422
Convert 11111100001001001001 (base 2) to base 13.
2a2115
1201110201011 (base 3) to base 15
13103d
10001100110010101101 (base 2) to base 5
121423220
Convert 398c4 (base 16) to base 4.
321203010
What is -190388 (base 13) in base 11?
-39a603
What is 72d71 (base 16) in base 15?
94590
What is 144911 (base 10) in base 7?
1142324
10563471 (base 8) to base 9
4265664
Convert 6a82b (base 14) to base 4.
333113113
Convert 1112110020 (base 3) to base 11.
20782
What is 34520153 (base 6) in base 12?
436059
What is -37644e (base 15) in base 16?
-287e1c
What is 1ab3c (base 15) in base 7?
511242
What is -122513313 (base 6) in base 14?
-45b0cd
-1307599 (base 10) to base 9
-2412617
1010100110001111000010 (base 2) to base 11
1628210
1434343 (base 6) to base 9
135330
What is 21102201202121 (base 3) in base 13?
a84498
What is -10222000210210 (base 3) in base 2?
-1000000010010100101101
What is 12db08 (base 16) in base 10?
1235720
Convert -314720 (base 9) to base 2.
-101101101101001001
-2131443440 (base 5) to base 12
-1640316
110101111110101111 (base 2) to base 6
4423343
What is 12112210000 (base 3) in base 15?
22543
115261 (base 8) to base 2
1001101010110001
-1112322220 (base 4) to base 10
-356008
What is 260540 (base 12) in base 9?
1148343
Convert -545302 (base 9) to base 14.
-86815
-12102001122 (base 3) to base 15
-21838
Convert 4355229 (base 11) to base 4.
131023203322
What is 8197557 (base 10) in base 7?
126451404
What is -1110100111001110 (base 2) in base 4?
-32213032
Convert -391a (base 14) to base 13.
-473a
What is 3031600 (base 7) in base 14?
956a7
-16203044 (base 7) to base 4
-11331313100
Convert -100101110001011011 (base 2) to base 5.
-14422330
254682 (base 10) to base 3
110221100200
Convert 1100100010000101 (base 2) to base 10.
51333
-47503 (base 9) to base 5
-2004010
Convert 5e5489 (base 16) to base 7.
103355253
1012221200211202 (base 3) to base 15
180dab8
Convert 110010000001122 (base 3) to base 14.
bd789b
-14211424 (base 5) to base 2
-100100000100011011
What is -2a2b967 (base 12) in base 13?
-19c4cb6
1a1ba (base 13) to base 10
50853
5094550 (base 11) to base 7
136314055
What is -1453542 (base 7) in base 15?
-3dac6
What is 10453460 (base 7) in base 6?
31213215
Convert 1613351 (base 8) to base 7.
3643366
What is -7